{"id":39,"date":"2017-06-21T13:17:29","date_gmt":"2017-06-21T11:17:29","guid":{"rendered":"https:\/\/digirab.blogs.ruhr-uni-bochum.de\/?page_id=39"},"modified":"2020-02-05T13:02:49","modified_gmt":"2020-02-05T12:02:49","slug":"verbundpartner","status":"publish","type":"page","link":"https:\/\/digirab.blogs.ruhr-uni-bochum.de\/?page_id=39","title":{"rendered":"Projektpartner"},"content":{"rendered":"<p><a href=\"https:\/\/digirab.blogs.ruhr-uni-bochum.de\/wp-content\/uploads\/2020\/02\/Projektteam-2017-1-scaled.jpg\"><img loading=\"lazy\" decoding=\"async\" class=\"wp-image-293 size-large aligncenter\" src=\"https:\/\/digirab.blogs.ruhr-uni-bochum.de\/wp-content\/uploads\/2020\/02\/Projektteam-2017-1-1024x768.jpg\" alt=\"\" width=\"665\" height=\"499\" srcset=\"https:\/\/digirab.blogs.ruhr-uni-bochum.de\/wp-content\/uploads\/2020\/02\/Projektteam-2017-1-1024x768.jpg 1024w, https:\/\/digirab.blogs.ruhr-uni-bochum.de\/wp-content\/uploads\/2020\/02\/Projektteam-2017-1-300x225.jpg 300w, https:\/\/digirab.blogs.ruhr-uni-bochum.de\/wp-content\/uploads\/2020\/02\/Projektteam-2017-1-768x576.jpg 768w, https:\/\/digirab.blogs.ruhr-uni-bochum.de\/wp-content\/uploads\/2020\/02\/Projektteam-2017-1-1536x1152.jpg 1536w, https:\/\/digirab.blogs.ruhr-uni-bochum.de\/wp-content\/uploads\/2020\/02\/Projektteam-2017-1-2048x1536.jpg 2048w, https:\/\/digirab.blogs.ruhr-uni-bochum.de\/wp-content\/uploads\/2020\/02\/Projektteam-2017-1-660x495.jpg 660w\" sizes=\"auto, (max-width: 665px) 100vw, 665px\" \/><\/a><\/p>\n<p style=\"text-align: center;\"><em>Das Projektteam in 2017<\/em><\/p>\n<p><a href=\"https:\/\/digirab.blogs.ruhr-uni-bochum.de\/wp-content\/uploads\/2020\/02\/inf_bi_logo.png\"><img loading=\"lazy\" decoding=\"async\" class=\"wp-image-295 alignleft\" src=\"https:\/\/digirab.blogs.ruhr-uni-bochum.de\/wp-content\/uploads\/2020\/02\/inf_bi_logo.png\" alt=\"\" width=\"46\" height=\"40\" \/><\/a>\u00a0<b>\u00a0 <a href=\"https:\/\/digirab.blogs.ruhr-uni-bochum.de\/wp-content\/uploads\/2019\/12\/Logo-RUB.png\"><img loading=\"lazy\" decoding=\"async\" class=\"alignleft wp-image-240 \" src=\"https:\/\/digirab.blogs.ruhr-uni-bochum.de\/wp-content\/uploads\/2019\/12\/Logo-RUB-300x64.png\" alt=\"\" width=\"169\" height=\"36\" srcset=\"https:\/\/digirab.blogs.ruhr-uni-bochum.de\/wp-content\/uploads\/2019\/12\/Logo-RUB-300x64.png 300w, https:\/\/digirab.blogs.ruhr-uni-bochum.de\/wp-content\/uploads\/2019\/12\/Logo-RUB-1024x217.png 1024w, https:\/\/digirab.blogs.ruhr-uni-bochum.de\/wp-content\/uploads\/2019\/12\/Logo-RUB-768x163.png 768w, https:\/\/digirab.blogs.ruhr-uni-bochum.de\/wp-content\/uploads\/2019\/12\/Logo-RUB-660x140.png 660w, https:\/\/digirab.blogs.ruhr-uni-bochum.de\/wp-content\/uploads\/2019\/12\/Logo-RUB.png 1067w\" sizes=\"auto, (max-width: 169px) 100vw, 169px\" \/><\/a><\/b>Der <b>\u00a0<a href=\"https:\/\/www.inf.bi.ruhr-uni-bochum.de\/\" target=\"_blank\" rel=\"noopener noreferrer\">Lehrstuhl f\u00fcr Informatik im Bauwesen der Ruhr-Universit\u00e4t Bochum<\/a><\/b> erforscht neue wissenschaftliche Grundlagen zur systematischen Generalisierung von Planungs-, Berechnungs- und Simulationsverfahren im Bauwesen auf Basis innovativer Informations- und Kommunikationstechnik. Wesentliche Schwerpunkte liegen dabei auf der Beherrschung komplexer Modellinteraktionen, Entwicklung emergenter und adaptiver Softwarekonzepte, ganzheitlicher Planungs- und Simulationssysteme sowie Formalisierung von Experten- und Erfahrungswissen.<\/p>\n<p><a href=\"https:\/\/digirab.blogs.ruhr-uni-bochum.de\/wp-content\/uploads\/2020\/02\/imtm.png\"><img loading=\"lazy\" decoding=\"async\" class=\" wp-image-296 alignleft\" src=\"https:\/\/digirab.blogs.ruhr-uni-bochum.de\/wp-content\/uploads\/2020\/02\/imtm.png\" alt=\"\" width=\"39\" height=\"39\" \/><\/a>\u00a0<b><a href=\"https:\/\/digirab.blogs.ruhr-uni-bochum.de\/wp-content\/uploads\/2019\/12\/Logo-RUB.png\"><img loading=\"lazy\" decoding=\"async\" class=\"alignleft wp-image-240 \" src=\"https:\/\/digirab.blogs.ruhr-uni-bochum.de\/wp-content\/uploads\/2019\/12\/Logo-RUB-300x64.png\" alt=\"\" width=\"169\" height=\"36\" srcset=\"https:\/\/digirab.blogs.ruhr-uni-bochum.de\/wp-content\/uploads\/2019\/12\/Logo-RUB-300x64.png 300w, https:\/\/digirab.blogs.ruhr-uni-bochum.de\/wp-content\/uploads\/2019\/12\/Logo-RUB-1024x217.png 1024w, https:\/\/digirab.blogs.ruhr-uni-bochum.de\/wp-content\/uploads\/2019\/12\/Logo-RUB-768x163.png 768w, https:\/\/digirab.blogs.ruhr-uni-bochum.de\/wp-content\/uploads\/2019\/12\/Logo-RUB-660x140.png 660w, https:\/\/digirab.blogs.ruhr-uni-bochum.de\/wp-content\/uploads\/2019\/12\/Logo-RUB.png 1067w\" sizes=\"auto, (max-width: 169px) 100vw, 169px\" \/><\/a><\/b>Im Fokus des <b><a href=\"https:\/\/www.imtm-iaw.ruhr-uni-bochum.de\/\" target=\"_blank\" rel=\"noopener noreferrer\">Lehrstuhls Informations- und Technikmanagement (IMTM) am Institut f\u00fcr Arbeitswissenschaft der Ruhr-Universit\u00e4t Bochum<\/a><\/b> liegt die Unterst\u00fctzung des \u00dcbergangs von der Technikentwicklung zur Technikeinf\u00fchrung und -nutzung. IMTM befasst sich dabei mit der Ver\u00e4nderung von Arbeitsprozessen in Richtung eines kooperativen und vernetzten Arbeitens. Neben der Entwicklung und Bereitstellung informationstechnischer Systeme m\u00fcssen soziale und informationstechnische Aspekte bei der Gestaltung von Arbeitsprozessen integriert betrachtet werden und das Zusammenspiel von Mensch, Technik und Organisation verbessert werden.<\/p>\n<p><a href=\"https:\/\/digirab.blogs.ruhr-uni-bochum.de\/wp-content\/uploads\/2020\/02\/b_selectronic_logo.jpg\"><img loading=\"lazy\" decoding=\"async\" class=\" wp-image-286 alignleft\" src=\"https:\/\/digirab.blogs.ruhr-uni-bochum.de\/wp-content\/uploads\/2020\/02\/b_selectronic_logo.jpg\" alt=\"\" width=\"79\" height=\"79\" \/><\/a>Seit der Gr\u00fcndung 1976 hat sich die <b><a href=\"http:\/\/www.selectronic-funk.de\/\" target=\"_blank\" rel=\"noopener noreferrer\">Selectronic Funk- und Sicherheitstechnik GmbH<\/a><\/b> stets am Markt orientiert und innovative Sicherheitsl\u00f6sungen f\u00fcr Industrie, Beh\u00f6rden und Bergbau entwickelt und produziert. Die Qualit\u00e4t ihrer Produkte stand hier immer im Vordergrund. Seit nunmehr 40 Jahren haben sie sich zu einem starken Unternehmen entwickelt. Sie konnten in dieser Zeit eine Vielzahl von Projekten im In- und Ausland realisieren. Nicht zuletzt durch ihre internationalen Vertriebspartner. F\u00fcr alle Auftr\u00e4ge garantieren sie einen reibungslosen Ablauf und den Einsatz von motivierten und qualifizierten Mitarbeitern. Dies haben sie auch noch in den Managementsystemen DIN EN ISO 9001:2008 und ATEX Richtlinie 94\/9\/EG best\u00e4tigt.<\/p>\n<p><a href=\"https:\/\/digirab.blogs.ruhr-uni-bochum.de\/wp-content\/uploads\/2019\/12\/thinkproject_Blue-Opaque-e1577796933917.png\"><img loading=\"lazy\" decoding=\"async\" class=\"wp-image-225  alignleft\" src=\"https:\/\/digirab.blogs.ruhr-uni-bochum.de\/wp-content\/uploads\/2019\/12\/thinkproject_Blue-Opaque-e1577797032897.png\" alt=\"\" width=\"105\" height=\"20\" \/><\/a>Seit mehr als 15 Jahren bietet <strong><a href=\"https:\/\/www.thinkproject.com\/\">think project!<\/a><\/strong> ein Common Data Environment (CDE) f\u00fcr Bau- und Ingenieurprojekte, das jederzeit verf\u00fcgbar und flexibel anpassbar ist. think project! hilft seinen Kunden dabei, \u00fcber den gesamten Projektlebenszyklus hinweg Zeit und Kosten zu sparen und Risiken zu senken. Die Nutzung eines CDEs vereinfacht au\u00dferdem die unternehmens\u00fcbergreifende Zusammenarbeit und stellt sicher, dass Informationen ohne Zeitverz\u00f6gerung verf\u00fcgbar sind \u2013 und das \u00fcber diverse Touchpoints und Ger\u00e4te hinweg. Dar\u00fcber hinaus umfasst das Angebot auch L\u00f6sungen f\u00fcr das Prozessmanagement, unter anderem im Building Information Modelling (BIM), sowie Schnittstellen zu allgemeinen Gesch\u00e4ftsanwendungen wie ERP-Systemen. Das Unternehmen verf\u00fcgt mit dem Softwareprodukt DESITE MD \u00fcber ein flexibles und leistungsf\u00e4higes Informations- und Visualisierungssystem, das f\u00fcr die interaktive Arbeit mit Geb\u00e4udemodellen ausgelegt und praxisbew\u00e4hrt ist.<\/p>\n<p><a href=\"https:\/\/digirab.blogs.ruhr-uni-bochum.de\/wp-content\/uploads\/2019\/12\/b_topcon_logo.jpg\"><img loading=\"lazy\" decoding=\"async\" class=\" wp-image-237 alignleft\" src=\"https:\/\/digirab.blogs.ruhr-uni-bochum.de\/wp-content\/uploads\/2019\/12\/b_topcon_logo-300x71.jpg\" alt=\"\" width=\"174\" height=\"41\" srcset=\"https:\/\/digirab.blogs.ruhr-uni-bochum.de\/wp-content\/uploads\/2019\/12\/b_topcon_logo-300x71.jpg 300w, https:\/\/digirab.blogs.ruhr-uni-bochum.de\/wp-content\/uploads\/2019\/12\/b_topcon_logo-1024x243.jpg 1024w, https:\/\/digirab.blogs.ruhr-uni-bochum.de\/wp-content\/uploads\/2019\/12\/b_topcon_logo-768x182.jpg 768w, https:\/\/digirab.blogs.ruhr-uni-bochum.de\/wp-content\/uploads\/2019\/12\/b_topcon_logo-660x157.jpg 660w, https:\/\/digirab.blogs.ruhr-uni-bochum.de\/wp-content\/uploads\/2019\/12\/b_topcon_logo.jpg 1213w\" sizes=\"auto, (max-width: 174px) 100vw, 174px\" \/><\/a>Die <b><a href=\"http:\/\/www.topcon.eu\/\" target=\"_blank\" rel=\"noopener noreferrer\">Topcon Deutschland Positioning GmbH<\/a><\/b> ist f\u00fcr Vertrieb, Vermarktung und Kundendienst der Produkte zur Positionsbestimmung auf dem deutschen und teilweise deutschsprachigen Markt verantwortlich. Topcon entwickelt und fertigt Produkte zur pr\u00e4zisen Positionsbestimmung und weltweit einsetzbare L\u00f6sungen f\u00fcr die Bereiche Vermessung, Bau, Landwirtschaft, Ingenieurbau, BIM, GIS-Datenerfassung, Anlagenverwaltung und Kataster sowie Maschinensteuerung.<\/p>\n<p><a href=\"https:\/\/digirab.blogs.ruhr-uni-bochum.de\/wp-content\/uploads\/2019\/12\/b_zueblin_logo-e1577798871863.png\"><img loading=\"lazy\" decoding=\"async\" class=\" wp-image-238 alignleft\" src=\"https:\/\/digirab.blogs.ruhr-uni-bochum.de\/wp-content\/uploads\/2019\/12\/b_zueblin_logo-e1577798871863-300x140.png\" alt=\"\" width=\"150\" height=\"70\" srcset=\"https:\/\/digirab.blogs.ruhr-uni-bochum.de\/wp-content\/uploads\/2019\/12\/b_zueblin_logo-e1577798871863-300x140.png 300w, https:\/\/digirab.blogs.ruhr-uni-bochum.de\/wp-content\/uploads\/2019\/12\/b_zueblin_logo-e1577798871863-1024x479.png 1024w, https:\/\/digirab.blogs.ruhr-uni-bochum.de\/wp-content\/uploads\/2019\/12\/b_zueblin_logo-e1577798871863-768x359.png 768w, https:\/\/digirab.blogs.ruhr-uni-bochum.de\/wp-content\/uploads\/2019\/12\/b_zueblin_logo-e1577798871863-1536x718.png 1536w, https:\/\/digirab.blogs.ruhr-uni-bochum.de\/wp-content\/uploads\/2019\/12\/b_zueblin_logo-e1577798871863-2048x957.png 2048w, https:\/\/digirab.blogs.ruhr-uni-bochum.de\/wp-content\/uploads\/2019\/12\/b_zueblin_logo-e1577798871863-660x308.png 660w\" sizes=\"auto, (max-width: 150px) 100vw, 150px\" \/><\/a>F\u00fcr jede Aufgabe die beste L\u00f6sung finden: Dieses Credo lie\u00df die <b><a href=\"http:\/\/www.zueblin.de\/\" target=\"_blank\" rel=\"noopener noreferrer\">Ed. Z\u00fcblin AG<\/a><\/b> zur Nummer eins im deutschen Hoch- und Ingenieurbau aufsteigen. Seit seiner Gr\u00fcndung im Jahr 1898 durch den Schweizer Ingenieur Eduard Z\u00fcblin \u00fcberzeugt das Unternehmen durch seine Innovationskraft, die sich in intelligenten Konstruktionen, neuen Baustoffen und fortschrittlichen Fertigungsmethoden niederschl\u00e4gt. Ihren Erfolg verdankt die Ed. Z\u00fcblin AG als Mitglied der weltweit agierenden STRABAG SE aber nicht zuletzt dem Ideenreichtum und Engagement von 14.000 Mitarbeiterinnen und Mitarbeitern, die als ein gro\u00dfes Team auch komplexe Bauvorhaben durch perfekte Abl\u00e4ufe termingerecht und zum besten Preis realisieren. Dabei setzt Z\u00fcblin auf konstruktive und partnerschaftliche Zusammenarbeit und die Digitalisierung von Bauprozessen. In interdisziplin\u00e4ren Forschungsteams flie\u00dft das Wissen hochqualifizierter Fachleute zusammen und verbindet sich zu Gesamtleistungen, die durch Wirtschaftlichkeit, h\u00f6chste Qualit\u00e4t und Umweltbewusstsein Ma\u00dfst\u00e4be setzen. Moderne Partneringmodelle wie das Z\u00fcblin teamconcept sorgen vom Planungsbeginn bis zur Fertigstellung f\u00fcr Offenheit und Transparenz zwischen allen am Bau Beteiligten. Vom schl\u00fcsselfertigen Hochbau, Industriebau oder Wohnungsbau bis hin zum spektakul\u00e4ren Tunnel oder Autobahnviadukt im Ingenieurbau: Entstanden sind im Laufe von vielen Jahrzehnten eindrucksvolle Bauwerke und Anlagen, die auf exzellentem Ingenieurwissen, hochentwickelter Technik und dem perfekten Zusammenspiel unserer Teams gr\u00fcnden.<\/p>\n\n\n<p><\/p>\n","protected":false},"excerpt":{"rendered":"<p>Das Projektteam in 2017 \u00a0\u00a0 Der \u00a0Lehrstuhl f\u00fcr Informatik im Bauwesen der Ruhr-Universit\u00e4t Bochum erforscht neue wissenschaftliche Grundlagen zur systematischen Generalisierung von Planungs-, Berechnungs- und Simulationsverfahren im Bauwesen auf Basis innovativer Informations- und Kommunikationstechnik. Wesentliche Schwerpunkte liegen dabei auf der Beherrschung komplexer Modellinteraktionen, Entwicklung emergenter und adaptiver Softwarekonzepte, ganzheitlicher Planungs- und Simulationssysteme sowie Formalisierung von\u2026 <span class=\"read-more\"><a href=\"https:\/\/digirab.blogs.ruhr-uni-bochum.de\/?page_id=39\">Read More &raquo;<\/a><\/span><\/p>\n","protected":false},"author":9,"featured_media":0,"parent":0,"menu_order":2,"comment_status":"closed","ping_status":"closed","template":"page-templates\/full-width.php","meta":{"footnotes":""},"class_list":["post-39","page","type-page","status-publish","hentry"],"_links":{"self":[{"href":"https:\/\/digirab.blogs.ruhr-uni-bochum.de\/index.php?rest_route=\/wp\/v2\/pages\/39","targetHints":{"allow":["GET"]}}],"collection":[{"href":"https:\/\/digirab.blogs.ruhr-uni-bochum.de\/index.php?rest_route=\/wp\/v2\/pages"}],"about":[{"href":"https:\/\/digirab.blogs.ruhr-uni-bochum.de\/index.php?rest_route=\/wp\/v2\/types\/page"}],"author":[{"embeddable":true,"href":"https:\/\/digirab.blogs.ruhr-uni-bochum.de\/index.php?rest_route=\/wp\/v2\/users\/9"}],"replies":[{"embeddable":true,"href":"https:\/\/digirab.blogs.ruhr-uni-bochum.de\/index.php?rest_route=%2Fwp%2Fv2%2Fcomments&post=39"}],"version-history":[{"count":12,"href":"https:\/\/digirab.blogs.ruhr-uni-bochum.de\/index.php?rest_route=\/wp\/v2\/pages\/39\/revisions"}],"predecessor-version":[{"id":301,"href":"https:\/\/digirab.blogs.ruhr-uni-bochum.de\/index.php?rest_route=\/wp\/v2\/pages\/39\/revisions\/301"}],"wp:attachment":[{"href":"https:\/\/digirab.blogs.ruhr-uni-bochum.de\/index.php?rest_route=%2Fwp%2Fv2%2Fmedia&parent=39"}],"curies":[{"name":"wp","href":"https:\/\/api.w.org\/{rel}","templated":true}]}}